 is the greatest common factor of 1369928 and 1876?
28
What is the highest common factor of 73088 and 28064?
32
What is the greatest common factor of 1824 and 6522?
6
What is the greatest common factor of 5072886 and 65702?
3458
Calculate the greatest common factor of 13468859 and 1.
1
What is the greatest common divisor of 2154867 and 3055?
13
Calculate the greatest common divisor of 4165561 and 1921.
17
What is the greatest common divisor of 19877 and 4013347?
1807
Calculate the greatest common factor of 657343746 and 12612.
6306
Calculate the highest common factor of 5697 and 445632.
633
Calculate the highest common divisor of 1110022 and 995.
199
What is the greatest common divisor of 500 and 15328700?
100
What is the highest common factor of 2056723 and 8220321?
6571
Calculate the greatest common factor of 414251509 and 133.
133
What is the greatest common factor of 1648 and 9579?
103
Calculate the greatest common divisor of 45 and 19808235.
45
Calculate the greatest common divisor of 4325 and 30725665.
865
What is the greatest common divisor of 2862 and 313018?
106
What is the highest common divisor of 22353946 and 136?
34
What is the highest common divisor of 4 and 15614060?
4
Calculate the highest common divisor of 8975 and 17435553.
359
What is the greatest common factor of 3061139 and 920?
23
What is the greatest common divisor of 12064 and 3322592?
416
Calculate the greatest common factor of 9228640 and 416.
32
What is the highest common divisor of 2372169 and 285?
57
What is the highest common factor of 13814571 and 147?
3
Calculate the greatest common divisor of 44 and 3996443.
11
What is the greatest common factor of 81833634 and 7272?
1818
What is the highest common divisor of 168 and 267935024?
56
Calculate the greatest common divisor of 384 and 246632064.
384
What is the highest common factor of 31630709 and 22?
11
What is the greatest common factor of 1717884 and 4635288?
4284
What is the highest common factor of 5373572 and 108?
4
What is the greatest common divisor of 279396 and 639?
9
What is the highest common divisor of 4 and 4965534?
2
Calculate the greatest common divisor of 2575 and 64150.
25
Calculate the greatest common divisor of 6468 and 967560.
132
What is the highest common factor of 232 and 10306484?
116
What is the highest common divisor of 697270 and 78890?
490
What is the highest common factor of 100595 and 24157727?
649
What is the highest common factor of 33228 and 6459864?
852
Calculate the highest common factor of 3810 and 117426740.
1270
Calculate the greatest common divisor of 19220 and 30788580.
620
What is the highest common divisor of 168 and 17607336?
24
Calculate the highest common factor of 501526 and 10556.
58
Calculate the highest common divisor of 9386 and 2623634.
494
What is the greatest common divisor of 22698 and 3343590?
1746
What is the greatest common divisor of 25235470 and 130?
130
Calculate the greatest common divisor of 331985721 and 20871.
2319
Calculate the greatest common factor of 1802 and 349639357.
901
What is the highest common factor of 55391 and 364?
7
Calculate the highest common divisor of 728 and 855176.
56
Calculate the greatest common factor of 3281742 and 7182.
54
Calculate the greatest common divisor of 656370 and 21658.
442
Calculate the greatest common divisor of 188447 and 189.
7
What is the highest common divisor of 98223684 and 1716?
156
Calculate the highest common factor of 4408 and 26033800.
152
What is the greatest common divisor of 100555 and 36890?
595
Calculate the highest common divisor of 104400 and 103860.
180
What is the greatest common divisor of 1861868 and 76018?
382
Calculate the greatest common divisor of 14288 and 263764.
188
Calculate the highest common divisor of 2261160 and 1801505.
2855
What is the greatest common divisor of 311215 and 7334455?
4645
Calculate the highest common factor of 201737 and 1186334.
3011
What is the highest common factor of 140446408 and 4?
4
What is the highest common divisor of 61043128 and 3568?
1784
Calculate the greatest common factor of 21595629 and 165.
33
What is the greatest common factor of 11450334 and 2478?
42
Calculate the greatest common factor of 268758496 and 608.
608
Calculate the highest common factor of 4766564 and 146716.
3412
Calculate the greatest common divisor of 9796 and 3735831.
79
Calculate the highest common divisor of 46738610 and 510.
170
What is the highest common factor of 72150 and 1567320?
1110
Calculate the highest common factor of 6791274 and 30.
6
What is the greatest common factor of 141 and 195360059?
47
Calculate the greatest common divisor of 85645 and 11725.
35
What is the highest common factor of 3711615 and 41880?
5235
What is the highest common factor of 372 and 9628011?
93
What is the highest common factor of 6296940 and 13110?
690
Calculate the highest common divisor of 2594 and 3239920267.
1297
What is the greatest common divisor of 16913135 and 44175?
2945
Calculate the highest common divisor of 143874640 and 455.
455
Calculate the highest common divisor of 3944 and 92712.
8
Calculate the greatest common divisor of 38948 and 177268.
364
Calculate the greatest common factor of 10 and 18572.
2
What is the highest common divisor of 61 and 34316?
1
What is the greatest common factor of 13232100 and 1722?
42
Calculate the greatest common divisor of 538 and 389951277.
269
Calculate the greatest common factor of 325251 and 9801621.
639
Calculate the greatest common divisor of 166459761 and 1521.
1521
What is the greatest common factor of 576 and 14003136?
576
What is the greatest common factor of 33265935 and 138?
69
What is the greatest common divisor of 206 and 9296780?
206
Calculate the greatest common factor of 1694 and 1004465.
77
What is the highest common factor of 2619493542 and 18?
18
Calculate the highest common divisor of 555644 and 2356.
124
What is the highest common factor of 9 and 235210761?
9
What is the highest common factor of 4316 and 35748266?
166
Calculate the highest common factor of 916 and 7232507.
229
Calculate the greatest common factor of 388994 and 791448.
1346
What is the greatest common factor of 327876 and 188324?
356
Calculate the highest common factor of 3414191611 and 9829.
9829
What is the highest common divisor of 556099 and 63328?
1979
Calculate the highest common divisor of 1996 and 229697684.
1996
What is the greatest common factor of 305141 and 529?
23
Calculate the greatest common divisor of 9318004 and 1390.
278
What is the highest common factor of 3990911 and 47?
47
Calculate the greatest common divisor of 24889221 and 5497.
239
What is the greatest common factor of 40909394 and 38?
38
Calculate the greatest common divisor of 785889 and 6903.
117
What is the greatest common divisor of 136 and 21285020?
68
Calculate the highest common factor of 1220564 and 36.
4
What is the highest common factor of 63434 and 7803761?
1379
Calculate the highest common divisor of 8628 and 112943396.
2876
Calculate the highest common factor of 999 and 129150720.
999
Calculate the greatest common divisor of 35 and 860027.
7
Calculate the highest common divisor of 4323 and 8360.
11
What is the greatest common divisor of 453585 and 87285?
165
What is the greatest common factor of 8810 and 21760?
10
Calculate the greatest common factor of 8188 and 146516.
4
What is the greatest common divisor of 81005 and 28385105?
4765
Calculate the highest common factor of 18795986 and 550.
22
What is the greatest common factor of 123555 and 120?
15
What is the greatest common factor of 69 and 990977241?
69
Calculate the highest common factor of 129225910 and 55.
55
What is the greatest common divisor of 245688313 and 2197?
2197
What is the highest common divisor of 445 and 2279815?
5
Calculate the greatest common factor of 21723 and 7527.
39
What is the highest common factor of 5989 and 256058?
113
What is the highest common divisor of 22858 and 52426?
22
Calculate the greatest common divisor of 100719 and 2147589.
3249
Calculate the highest common factor of 248160 and 64860.
2820
What is the highest common factor of 16181 and 22472467?
1471
Calculate the highest common factor of 16626 and 214985264.
5542
What is the highest common divisor of 2148 and 340601916?
2148